MONTHLY CLIMATOLOGICAL SUMMARY FOR APRIL 2009
NAME: Second Station CITY: Hillman STATE: MN
ELEV: 1285 ft LAT: 45° 54' 06" N LONG: 93° 51' 01" W
TEMPERATURE (°F), RAIN (in), WIND SPEED (mph)
HEAT COOL AVG
MEAN DEG DEG WIND DOM
DAY TEMP HIGH TIME LOW TIME DAYS DAYS RAIN SPEED HIGH TIME DIR
------------------------------------------------------------------------------------
1 30.8 34.0 3:00p 27.6 12:00m 34.2 0.0 0.27 10.8 27.0 12:40p W
2 30.9 35.6 3:40p 26.3 8:15a 34.1 0.0 0.00 8.3 22.0 11:50a W
3 32.5 40.7 3:05p 24.3 7:15a 32.5 0.0 0.00 6.0 16.0 1:10p NW
4 31.9 42.6 2:20p 21.2 6:40a 33.1 0.0 0.00 6.4 20.0 6:35p NNE
5 34.6 41.2 3:50p 28.0 12:00m 30.4 0.0 0.00 11.9 29.0 5:25p NNE
6 31.5 40.0 4:15p 22.9 7:00a 33.5 0.0 0.00 14.9 32.0 5:40p NNW
7 34.8 46.1 4:00p 23.5 6:35a 30.2 0.0 0.00 9.6 23.0 2:15p NW
8 36.7 49.1 5:15p 24.2 6:05a 28.3 0.0 0.00 11.8 31.0 1:10p NW
9 37.8 49.5 3:55p 26.1 6:45a 27.2 0.0 0.00 8.7 20.0 11:25a NNW
10 37.8 49.9 4:30p 25.8 6:35a 27.2 0.0 0.00 7.9 21.0 12:30p NNE
11 38.4 54.3 5:20p 22.5 6:30a 26.6 0.0 0.00 7.1 19.0 3:10p SE
12 45.8 56.9 2:20p 34.8 6:40a 19.2 0.0 0.00 9.8 31.0 12:50p ESE
13 44.9 54.8 4:10p 35.1 10:05p 20.1 0.0 0.00 6.2 18.0 2:25p ESE
14 44.8 63.8 4:00p 25.7 6:55a 20.3 0.0 0.00 3.7 14.0 1:25p E
15 48.5 64.9 4:50p 32.1 6:25a 16.5 0.0 0.00 8.4 26.0 3:40p SE
16 51.6 68.2 4:25p 35.0 5:50a 13.4 0.0 0.00 9.4 31.0 1:50p S
17 62.1 71.9 4:20p 52.3 4:55a 2.9 0.0 0.00 8.7 22.0 11:45a SSW
18 48.1 55.2 3:55p 40.9 12:00m 16.9 0.0 0.00 9.3 22.0 7:55a N
19 43.6 51.9 6:05p 35.2 6:05a 21.4 0.0 0.01 5.4 16.0 12:25a NNE
20 42.3 47.0 1:30p 37.7 8:35a 22.7 0.0 0.01 15.6 44.0 7:50p NNW
21 46.1 59.4 4:10p 32.8 6:35a 18.9 0.0 0.02 15.9 39.0 11:30a NNW
22 45.2 57.6 4:20p 32.8 6:35a 19.8 0.0 0.00 8.7 21.0 1:15a NW
23 61.8 79.9 5:50p 43.6 6:15a 3.3 0.0 0.00 17.2 42.0 10:45p SE
24 53.2 68.6 12:15a 37.7 11:55p 11.8 0.0 0.00 13.0 33.0 7:05p N
25 44.3 54.8 5:45p 33.9 3:15a 20.7 0.0 0.02 6.4 22.0 1:40p N
26 41.0 43.9 7:45p 38.0 10:55a 24.0 0.0 0.79 9.8 28.0 10:50a E
27 42.7 50.3 3:25p 35.0 7:00a 22.3 0.0 0.00 11.9 29.0 11:10a NW
28 43.2 59.0 5:15p 27.3 6:30a 21.8 0.0 0.00 9.3 25.0 10:50a ESE
29 44.5 49.9 4:40p 39.0 6:30a 20.5 0.0 0.14 11.3 28.0 4:15p ESE
30 49.8 57.5 1:25p 42.1 11:05p 15.2 0.0 0.05 14.6 34.0 7:10p WNW
-------------------------------------------------------------------------------------
42.7 79.9 23 21.2 4 669.0 0.0 1.31 9.9 44.0 20 NNW
Max >= 90.0: 0
Max <= 32.0: 0
Min <= 32.0: 13
Min <= 0.0: 0
Max Rain: 0.79 ON 04/26/09
Days of Rain: 6 (>.01 in) 3 (>.1 in) 0 (>1 in)
Heat Base: 65.0 Cool Base: 65.0 Method: (High + Low) / 2